+ 13. Let q(g) = g**2 + 2*g + 2. Let w be q(m). Suppose -3*x = -4*x + 55. What is the highest common factor of w and x?
5
Let y = 15 + 121. What is the greatest common factor of y and 17?
17
Let u be (2 + (-7)/2)*-18. Let h = u + 38. Calculate the greatest common divisor of h and 26.
13
Let o be ((-10)/(-8))/(3/60). Calculate the highest common divisor of 100 and o.
25
Let b(d) = -d - 2. Let g be b(-6). Suppose -2*w - g*u = -46, u = -2*w - 2*u + 43. What is the greatest common divisor of 136 and w?
17
Suppose 0 = l + 2*l - 30. Suppose v - l = 7. Let p = 332 - 213. Calculate the highest common divisor of v and p.
17
Suppose 3*s - 180 = 15. Let d = 101 - s. Calculate the greatest common divisor of d and 18.
18
Suppose -3*w - 4*q = -12 - 83, 4*q + 37 = w. Calculate the highest common divisor of w and 11.
11
Let t(y) = -7*y**3 - 64*y - y**3 + 64*y. Suppose -3 = 4*v - v. Let w be t(v). Calculate the highest common divisor of w and 8.
8
Let q(l) = -l**3 + 2*l**2. Let z be q(2). Suppose z = 2*k - k - 6. Suppose -2*h - 2 + 62 = 0. Calculate the greatest common factor of k and h.
6
Suppose -2 = -2*f - 0. Suppose 13 = v + f. Let r = -18 - -30. Calculate the highest common factor of v and r.
12
Let u(v) = 4 - 1 + 0 - 4*v. Let s be u(-4). Let h = s + 93. Calculate the greatest common divisor of 14 and h.
14
Suppose -2*h = -4*c + 2*c - 44, 0 = 5*c. What is the highest common divisor of 154 and h?
22
Let s be (-2 + 7)/((-2)/10). Let y be (-226)/(-10) + (-10)/s. What is the highest common divisor of y and 92?
23
Let z be (6/(-4))/(6/104). Let f = 48 + z. Calculate the greatest common factor of 110 and f.
22
Let i(q) = q**3 + 5*q**2 - 6*q + 6. Suppose 1 = -x - 5. Let a be i(x). Calculate the highest common divisor of a and 4.
2
Suppose 0 = -4*a - g + 24, 3*a - 5*g = -2*a + 55. Suppose 2*r = -2*r + 224. What is the greatest common divisor of r and a?
7
Suppose 4*a = 2*y - 12, -1 - 5 = -5*y + 2*a. Suppose y*u - u + 126 = 0. Calculate the greatest common factor of 14 and u.
14
Suppose 3*d = -2*d - 20, -2*s = 3*d - 10. Calculate the greatest common factor of 121 and s.
11
Let h(t) = 2*t - 2. Let d(c) = c**2 + 6*c - 7. Let z = 7 - 5. Let q(k) = z*d(k) - 7*h(k). Let p be q(2). Calculate the greatest common divisor of p and 6.
2
Suppose 0*y - 304 = -8*y. What is the highest common divisor of y and 304?
38
Let r(d) = -11*d**3 + 2*d**2 + 2*d + 1. Let a be r(-1). What is the greatest common divisor of a and 180?
12
Let v be (-21 - 1)/(1 + -3). Let o = -12 - -10. Let b = o + 3. Calculate the greatest common divisor of b and v.
1
Let f be (-4)/6*(-6)/4. Let v = 3 - f. Let o be (0 - v)/(4/(-22)). What is the highest common divisor of 1 and o?
1
Suppose -2 = j - 0. Let f be -3 + 1 + (-8)/j. Calculate the highest common divisor of 22 and f.
2
Let k be 0 - (2 + 0 + -13). Let d = -18 + 29. Calculate the greatest common factor of d and k.
11
Let b(t) be the second derivative of 11*t**4/4 - t**3/3 + t**2 - 2*t. Let z be b(2). Suppose 4*w = 6*w - z. Calculate the highest common factor of w and 26.
13
Suppose 34 + 14 = 6*f. Suppose -4*w + 12 = -f. Calculate the highest common divisor of 10 and w.
5
Let d be (4/5)/((-2)/5). Let c = 7 - d. What is the greatest common factor of 72 and c?
9
Let k = -5 + 7. Let y = 2 - k. Suppose -v + 5 = y, 5*c - 5*v + v - 40 = 0. Calculate the greatest common divisor of 30 and c.
6
Suppose -293 = -5*o - 2*p, -o + 26 = -4*p - 15. Calculate the highest common factor of 38 and o.
19
Let k(n) = -8*n - 4. Let d be k(-4). What is the highest common divisor of d and 42?
14
Let s(u) = u**3 - 11*u**2 + u - 2. Let v be s(11). Let l be (-471)/(-21) - v/21. Calculate the greatest common divisor of l and 176.
22
Suppose 25 = -2*m + 89. Suppose 8 = 5*n - m. Suppose 0 = v + 4*l - 44, v - l - 36 = 13. Calculate the greatest common factor of v and n.
8
Let u(v) = v**2 + 7*v + 6. Let x be u(-8). Calculate the greatest common factor of x and 84.
14
Suppose 0 = 3*x - h - 33, -3*x + x - 5*h = -5. Suppose 110 + 30 = 2*u. Calculate the greatest common divisor of x and u.
10
Suppose 0 = c - 2 - 5. Calculate the greatest common factor of c and 56.
7
Suppose -b + 78 = 57. What is the greatest common factor of b and 42?
21
Let k = 18 - 12. Let t be 42/1 + (6 - k). What is the highest common divisor of t and 105?
21
Let s = 20 - 11. Let c(m) be the second derivative of m**5/20 - 2*m**4/3 - 4*m**3/3 - m. Let p be c(s). What is the greatest common factor of p and 36?
9
Let c = 51 - 41. Calculate the greatest common factor of 80 and c.
10
Suppose y = -y + 96. Suppose -r - 5*d = -6*r + 40, y = 3*r + 3*d. Calculate the highest common divisor of 30 and r.
6
Let h(f) = 4*f. Let x be h(1). Suppose -b - x*b + 440 = 0. What is the highest common factor of 8 and b?
8
Suppose 0 + 34 = 2*v. What is the greatest common factor of v and 85?
17
Let m = 21 + -5. Let g(u) = -u + 8. Let a be g(0). What is the greatest common divisor of a and m?
8
Let f(p) = 10*p**2 + 2*p - 1. Let n be f(1). Calculate the greatest common divisor of n and 121.
11
Suppose -9*x + 5*x = -480. Suppose -5*m = -g - 8 - 10, -2*m - 3*g - 3 = 0. Let h(y) = 5*y. Let j be h(m). What is the greatest common divisor of x and j?
15
Suppose 0 = 6*i - 4*i - 28. What is the greatest common factor of 98 and i?
14
Suppose 59 = 5*z + 3*j, -z + 7 = j - 6. What is the greatest common factor of z and 90?
10
Let c be 62/217 + 192/14. What is the greatest common divisor of c and 28?
14
Let l(v) = v**3 + v**2 + v - 2. Let h be l(-2). Let u be (-18)/(-8) + 2/h. Suppose -w - 34 = -u*w. What is the highest common divisor of 17 and w?
17
Suppose 4*j = -4*q + 436, 4*q - 3*j + 438 = 8*q. Calculate the greatest common factor of 74 and q.
37
Let r be (-147)/(-15) - 4/(-20). What is the greatest common factor of 10 and r?
10
Suppose -2*u + 44 + 12 = 0. Let b = 6 + -2. What is the greatest common factor of u and b?
4
Let c = -15 + 29. Let l = -24 + 156. Let o = 202 - l. What is the highest common factor of o and c?
14
Let k(w) be the first derivative of 29*w**3/3 + w + 2. Let h be k(1). Calculate the highest common factor of h and 6.
6
Let x = 3 + 3. Let p be (0 + x/(-4))*-154. Calculate the greatest common divisor of 21 and p.
21
Let h(r) = r**2 + 15*r + 15. Let l be h(-14). Calculate the highest common factor of l and 1.
1
Let v = 22 + -12. What is the greatest common factor of 100 and v?
10
Let g = 4 - -2. Suppose 3*d - 6 = -3*y + d, -2 = -y + 5*d. Let p be (-872)/(-36) + y/(-9). What is the highest common divisor of g and p?
6
Suppose 3*c + 35 = 2*h, -h + 1 = -4*c - 9. Suppose q + 3*q = 704. Calculate the greatest common factor of h and q.
22
Suppose -6 = 2*g - 42. Calculate the greatest common factor of 108 and g.
18
Suppose -o - 2*o + 120 = 0. Suppose 22 = 5*c + r, 2 = 4*c + 5*r - 3. What is the highest common factor of o and c?
5
Let x be (-474)/(-14) - (-4)/28. Suppose 5 = -5*u - 0. Let q be 3*(u - -20 - 2). Calculate the highest common divisor of x and q.
17
Let i be -1*(-1 - -1 - -1). Let u be 3 - ((-1)/(-1) + i). What is the highest common divisor of u and 24?
3
Let n be (-11 - 1)*3/(-2). Suppose -44 = -2*g + 46. What is the greatest common divisor of n and g?
9
Let h = -94 + 292. What is the highest common divisor of 22 and h?
22
Suppose 0*m + 17 = 5*m - 4*y, 5*y = 5*m - 20. Let i be 22 + m - (1 - 0). Calculate the greatest common divisor of i and 55.
11
Let m(r) be the second derivative of -4*r**3/3 + r**2/2 - r. Let j be m(3). Let i = -14 - j. Calculate the highest common factor of i and 36.
9
Let y(z) = -z**3 + 29*z**2 - 26*z - 41. Let v be y(28). What is the greatest common factor of 240 and v?
15
Let w = 2 - 9. Let a(l) = -l**2 - 11*l + 7. Let z be a(w). What is the highest common divisor of 7 and z?
7
Let q = 4 - 3. Suppose -q = -4*k + 7. Let m be -5*(-1)/2*k. Calculate the highest common factor of 5 and m.
5
Let f(l) = -l**2 + 14*l + 11. Let a be f(14). What is the highest common factor of a and 99?
11
Suppose 0 = l + 22 - 66. Calculate the highest common divisor of l and 352.
44
Let p(g) = g**3 - 4*g**2 + 3*g + 1. Let t be p(5). Let v = t - -28. Suppose m = 7 + v. Calculate the highest common divisor of 19 and m.
19
Suppose -3*d = o - d - 10, -12 = -2*o + 4*d. Let m(b) = b**2 - b + 2. Let z be m(-2). What is the greatest commo